-94*z**3 + z**2 - 8*z + 13. Determine n(2).
-751
Let c(u) = u**3 - 21*u**2 + 17*u + 75. Give c(20).
15
Let o(z) = -10*z**2 - 11*z - 6. Calculate o(4).
-210
Let a(u) = -u**2 + 35*u - 265. Calculate a(11).
-1
Let k(c) = 2*c**3 + 3*c**2 + 11*c. Calculate k(-5).
-230
Let h(w) = -58*w + 288. Determine h(5).
-2
Let x(b) = -b**3 + 59*b**2 + 59*b + 102. What is x(60)?
42
Let r(p) = p**3 + 11*p**2 - 482*p - 144. What is r(-28)?
24
Let y(v) = -2*v**2 + 35*v - 45. What is y(2)?
17
Let o(z) = 9*z**3 + 15*z**2 - 7*z - 6. What is o(-3)?
-93
Let f(s) = 40*s**2 - 167*s + 480. Give f(3).
339
Let c(u) = u**3 + 4*u**2 - 35*u - 141. Determine c(-4).
-1
Let z(k) = -16*k - 9. Calculate z(-3).
39
Let u(i) = i**2 - 119*i + 56. Give u(119).
56
Let x(u) = 4*u**3 - 12*u**2 - 6*u + 25. Calculate x(6).
421
Let w(t) = -3803*t - 11419. Determine w(-3).
-10
Let q(c) = -48*c**3 - 2*c**2 + 8*c - 6. Determine q(1).
-48
Let d(j) = -33*j**3 + j**2 - 3*j + 3. What is d(1)?
-32
Let c(h) = h**2 + 64*h + 988. What is c(-45)?
133
Let a(o) = -o**3 + 21*o**2 + 127*o - 2942. Determine a(20).
-2
Let v(m) = 35*m + 115. Calculate v(-3).
10
Let x(m) = -468*m + 13892. Give x(30).
-148
Let i(r) = 29*r + 392. Give i(-17).
-101
Let g(i) = -7*i**3 + i**2 + 2*i - 6. Calculate g(2).
-54
Let l(v) = -2*v**2 - 157*v - 1971. Calculate l(-16).
29
Let s(z) = -398*z - 19496. Give s(-49).
6
Let s(f) = 15*f + 179. What is s(-4)?
119
Let m(y) = -2*y**2 + 73*y - 26. Calculate m(40).
-306
Let z(q) = -30*q + 220. Give z(7).
10
Let s(b) = -b**2 + 12*b + 51. Determine s(12).
51
Let v(h) = -14*h**3 - 43*h**2 - 9*h - 34. Calculate v(-3).
-16
Let y(v) = -907*v + 27180. What is y(30)?
-30
Let t(g) = -4*g**3 - 47*g**2 - 42*g - 93. Give t(-11).
6
Let k(z) = -z**2 - 6*z + 5. Give k(-4).
13
Let b(u) = -9*u - 73. Give b(-23).
134
Let m(j) = 6*j + 93. Determine m(9).
147
Let b(n) = 2*n**2 + 2736*n - 8222. Determine b(3).
4
Let g(x) = -3*x**2 + 65*x - 338. What is g(8)?
-10
Let l(n) = 13*n**2 - 90*n + 237. What is l(6)?
165
Let v(x) = x**3 - 7*x**2 - 21*x + 20. Determine v(7).
-127
Let z(m) = -m**3 - 11*m**2 + 72*m + 31. Give z(-15).
-149
Let c(g) = 4*g**3 + 308*g**2 + 12*g + 921. What is c(-77)?
-3
Let w(b) = 5*b**3 + 24*b**2 + 5*b + 54. Give w(-5).
4
Let i(j) = -22*j**3 - 3*j**2 - 28*j - 45. Give i(-2).
175
Let w(u) = -3*u + 348. Determine w(115).
3
Let w(l) = 3*l + 7. Give w(28).
91
Let j(b) = -11*b**2 + 777*b - 450. What is j(70)?
40
Let f(n) = n**2 - 3667*n - 14676. What is f(-4)?
8
Let n(m) = -3*m**2 + 16*m + 34. Determine n(8).
-30
Let v(w) = -482*w + 899. Give v(2).
-65
Let a(w) = 714*w - 3604. What is a(5)?
-34
Let b(r) = 2*r**3 + 59*r**2 - 349*r + 1. Determine b(5).
-19
Let j(d) = -d**3 - 35*d**2 - 92*d - 1973. What is j(-34)?
-1
Let i(q) = 76*q**3 + 11*q - 11. What is i(1)?
76
Let f(b) = -58*b + 959. What is f(20)?
-201
Let o(w) = -88*w - 184. Calculate o(-4).
168
Let m(g) = g**3 - 26*g**2 + 15*g + 245. What is m(25)?
-5
Let n(t) = t**3 - 26*t**2 + 88*t + 336. Give n(21).
-21
Let r(h) = 10*h**2 - 804*h - 499. Give r(81).
-13
Let d(a) = -20*a**3 + 3*a**2 - 2*a. Determine d(1).
-19
Let q(v) = v**3 + 4*v**2 + 65*v + 193. Give q(-3).
7
Let f(g) = -g**3 - 7*g**2 + 116*g - 51. Determine f(-15).
9
Let u(w) = 8*w + 82. What is u(-10)?
2
Let v(n) = 69*n + 980. What is v(-14)?
14
Let t(p) = 2226*p - 13369. Calculate t(6).
-13
Let m(a) = -31*a - 104. Calculate m(-6).
82
Let s(y) = y**3 - 67*y**2 - 66*y - 118. What is s(68)?
18
Let o(j) = -j**3 - 9*j**2 + 1326*j + 10664. Calculate o(-8).
-8
Let d(j) = -10*j**3 + 111*j**2 - 37*j + 314. Determine d(11).
28
Let r(l) = -13*l - 628. Determine r(-64).
204
Let u(a) = -a**3 - 71*a**2 + 373*a - 462. Give u(-76).
70
Let o(x) = -331*x + 54615. Give o(165).
0
Let k(p) = p**3 + 33*p**2 - 31*p - 43. Give k(-34).
-145
Let y(j) = 141*j - 1052. Determine y(7).
-65
Let q(n) = -153*n - 872. Calculate q(-6).
46
Let k(f) = 10*f - 350. Give k(32).
-30
Let u(h) = -45*h + 345. Give u(9).
-60
Let o(v) = 11*v**2 + 190*v + 247. Determine o(-16).
23
Let q(s) = 11*s**2 - 36*s - 130. Calculate q(-4).
190
Let g(z) = z**2 + 52*z + 520. Calculate g(-42).
100
Let o(u) = -83*u + 1175. Give o(16).
-153
Let z(r) = -r**3 - 92*r**2 + 24*r + 2115. What is z(-92)?
-93
Let h(f) = f**3 - 15*f**2 + 8*f + 149. Determine h(13).
-85
Let r(v) = v**3 - 6*v**2 - 13*v + 7. Give r(6).
-71
Let i(o) = 49*o**2 + 91*o - 7. Give i(-5).
763
Let i(q) = -2*q**2 - 29*q - 58. Give i(-14).
-44
Let q(h) = 17*h - 112. Determine q(7).
7
Let x(p) = 2*p**3 - 63*p - 2. Calculate x(-6).
-56
Let d(t) = 25*t + 20. Determine d(-4).
-80
Let r(y) = 13*y**3 - 10*y**2 + 3*y + 8. Calculate r(1).
14
Let u(z) = 4*z**2 + 9*z + 8. Calculate u(7).
267
Let w(g) = -1233*g + 3676. Calculate w(3).
-23
Let m(w) = w**3 - 11*w**2 + 13*w - 28. Determine m(9).
-73
Let g(o) = 191*o**2 - 1332*o - 37. Calculate g(7).
-2
Let j(i) = -i**3 + 11*i**2 + 110*i + 59. Calculate j(-6).
11
Let x(o) = 12*o**2 - 3*o + 6. Determine x(0).
6
Let t(g) = 91*g**3 + g**2 + 440*g - 439. What is t(1)?
93
Let s(q) = -q**3 - q**2 + 15*q + 60. Determine s(5).
-15
Let x(f) = -f**3 + 15*f**2 - 37*f + 307. Determine x(14).
-15
Let a(n) = -n**2 + 69*n - 820. Calculate a(54).
-10
Let n(c) = -c**2 + 572*c + 3490. What is n(-6)?
22
Let z(t) = 153*t - 83. What is z(1)?
70
Let w(l) = -84*l - 761. What is w(-9)?
-5
Let x(j) = 5*j + 64. Determine x(-7).
29
Let d(s) = 292*s + 19844. What is d(-68)?
-12
Let o(k) = -k**3 - 30*k**2 - 31*k + 108. What is o(-29)?
166
Let j(d) = d**2 - 34*d - 151. Calculate j(38).
1
Let y(l) = -2*l**2 - 88*l + 170. Calculate y(2).
-14
Let q(y) = -3*y**3 + 280*y**2 + 186*y + 181. Calculate q(94).
-7
Let k(d) = 175*d**2 + 60*d - 61. What is k(1)?
174
Let i(g) = 23*g + 285. What is i(-12)?
9
Let w(r) = 2*r**2 - 55*r + 102. Give w(2).
0
Let n(w) = 3*w**3 + 150*w**2 - 138*w + 765. Calculate n(-51).
0
Let i(o) = -o**3 + 7*o**2 + 29*o - 5. What is i(11)?
-170
Let k(u) = u**2 + 44*u + 90. Determine k(-14).
-330
Let h(z) = 2*z**3 + 54*z**2 + 46*z - 59. Determine h(-26).
97
Let h(q) = 2*q**3 - 32*q**2 - 31*q - 53. Give h(17).
-2
Let p(y) = -3*y**2 + 242*y + 576. Calculate p(83).
-5
Let a(k) = 12*k**2 - 266*k + 52. Determine a(22).
8
Let t(c) = -3*c**3 - c**2 - 8*c + 37. Calculate t(3).
-77
Let k(f) = -2*f**2 + 107*f + 796. Give k(62).
-258
Let i(j) = 2*j**3 + 433*j**2 - 234*j - 3693. Give i(-217).
-4
Let w(q) = 7*q**3 - 120*q**2 + 19*q - 25. What is w(17)?
9
Let q(u) = 294*u**2 + 12*u + 9. What is q(-1)?
291
Let w(k) = k**3 - 6*k**2 - 35*k + 14. What is w(-4)?
-6
Let q(z) = z**3 + 9*z**2 + 13*z + 38. What is q(-8)?
-2
Let z(h) = -2*h**2 + 10*h + 101. Determine z(0).
101
Let q(x) = -41*x - 58. Determine q(-1).
-17
Let n(t) = -t**2 - 35*t - 202. Calculate n(-28).
-6
Let n(t) = -49*t + 1554. What is n(32)?
-14
Let f(q) = -2*q**3 - 28*q**2 + 359*q + 118. Give f(-22).
-36
Let q(b) = b**3 - 15*b**2 + 51*b - 14. Give q(4).
14
Let w(k) = 10*k + 529. Give w(-53).
-1
Let c(v) = -v**3 + 56*v**2 + 62*v - 3544. Give c(56).
-72
Let b(n) = 10*n**3 + 46*n**2 + 44*n - 25. What is b(-3)?
-13
Let v(x) = 7*x**3 - 30*x**2 - 40*x + 58. Determine v(5).
-17
Let v(n) = n**3 - 52*n**2 + 5*n - 249. What is v(52)?
11
Let u(k) = -1621*k + 25923. Give u(16).
-13
Let c(s) = -21*s + 52. What is c(-2)?
94
Let u(i) = 13*i**2 + 107*i - 2. Calculate u(-9).
88
Let l(h) = h**2 - 187*h + 7747. Determine l(62).
-3
Let k(j) = -j**3 + 38*j**2 - 39*j + 1476. Give k(38).
-6
Let j(v) = 55*v - 3068. What is j(54)?
-98
Let k(y) = y**3 + 13*y**2 + 18*y - 37. Determine k(-11).
7
Let v(l) = 145*l + 273. Determine v(-2).
-17
Let x(g) = g**2 + 60*g + 103. What is x(-51)?
-356
Let s(n) = -450*n + 1306. Determine s(3).
-44
Let t(y) = 478*y + 482. Give t(-1).
4
Let r(f) = 2*f**3 - 20*f**2 - 6*f - 75. Determine r(11).
101
Let b(k) = 41*k + 450. Determine b(-11).
-1
Let f(z) = -2*z**3 - 12*z**2 - 7*z + 11. What is f(-2)?
-7
Let z(g) = 137*g**2 - 959*g - 11. Calculate z(7).
-11
Let r(i) = 7*i**3 + 9*i**2 - 31*i - 6. What is r(3)?
171
Let z(r) = 31*r**2 + 82*r - 33. Calculate z(-3).
0
Let u(a) = -218*a - 763. Give u(-3).
-109
Let s(z) = z**2 - 301*z - 11761. Determine s(-35).
-1
Let q(l) = 110*l + 2492. Give q(-21).
182
Let c(v) = 1651*v + 4977. Calculate c(-3).
24
Let m(s) = -12964*s - 77786. Determine m(-6).
-2
Let o(m) = 121*m - 447. C